083
List the prime factors of 21334.
2, 10667
What are the prime factors of 111203?
61, 1823
List the prime factors of 313.
313
List the prime factors of 25009.
89, 281
List the prime factors of 15946.
2, 7, 17, 67
List the prime factors of 1995.
3, 5, 7, 19
What are the prime factors of 51475?
5, 29, 71
List the prime factors of 1867.
1867
List the prime factors of 76006.
2, 7, 61, 89
List the prime factors of 141.
3, 47
What are the prime factors of 15088?
2, 23, 41
List the prime factors of 1276.
2, 11, 29
What are the prime factors of 2131?
2131
List the prime factors of 87618.
2, 3, 17, 859
What are the prime factors of 18346?
2, 9173
List the prime factors of 563.
563
List the prime factors of 5855.
5, 1171
What are the prime factors of 13521?
3, 4507
What are the prime factors of 23796?
2, 3, 661
List the prime factors of 656.
2, 41
List the prime factors of 826.
2, 7, 59
List the prime factors of 2308.
2, 577
List the prime factors of 19035.
3, 5, 47
List the prime factors of 974.
2, 487
What are the prime factors of 23974?
2, 11987
List the prime factors of 14489.
14489
List the prime factors of 708.
2, 3, 59
List the prime factors of 19902.
2, 3, 31, 107
What are the prime factors of 8538?
2, 3, 1423
List the prime factors of 55371.
3, 18457
What are the prime factors of 2813?
29, 97
What are the prime factors of 9397?
9397
List the prime factors of 35055.
3, 5, 19, 41
What are the prime factors of 12618?
2, 3, 701
List the prime factors of 438.
2, 3, 73
What are the prime factors of 587?
587
What are the prime factors of 506?
2, 11, 23
What are the prime factors of 19380?
2, 3, 5, 17, 19
What are the prime factors of 10211?
10211
List the prime factors of 39437.
113, 349
What are the prime factors of 108904?
2, 13613
List the prime factors of 1329.
3, 443
What are the prime factors of 50586?
2, 3, 8431
What are the prime factors of 1447?
1447
What are the prime factors of 575?
5, 23
List the prime factors of 9423.
3, 349
List the prime factors of 41107.
11, 37, 101
List the prime factors of 20737.
89, 233
List the prime factors of 921.
3, 307
What are the prime factors of 984?
2, 3, 41
What are the prime factors of 16135?
5, 7, 461
What are the prime factors of 1390?
2, 5, 139
List the prime factors of 1362.
2, 3, 227
What are the prime factors of 6434?
2, 3217
What are the prime factors of 30708?
2, 3, 853
What are the prime factors of 1353?
3, 11, 41
What are the prime factors of 25?
5
List the prime factors of 60810.
2, 3, 5, 2027
What are the prime factors of 2048?
2
List the prime factors of 1155.
3, 5, 7, 11
What are the prime factors of 1817?
23, 79
What are the prime factors of 12082?
2, 7, 863
What are the prime factors of 46457?
46457
List the prime factors of 1864.
2, 233
What are the prime factors of 6840?
2, 3, 5, 19
What are the prime factors of 116687?
116687
What are the prime factors of 35126?
2, 7, 13, 193
What are the prime factors of 27383?
139, 197
List the prime factors of 13700.
2, 5, 137
What are the prime factors of 23610?
2, 3, 5, 787
List the prime factors of 752.
2, 47
List the prime factors of 115.
5, 23
What are the prime factors of 15130?
2, 5, 17, 89
What are the prime factors of 52449?
3, 17483
List the prime factors of 186510.
2, 3, 5, 6217
List the prime factors of 525.
3, 5, 7
List the prime factors of 163.
163
What are the prime factors of 788?
2, 197
What are the prime factors of 9482?
2, 11, 431
List the prime factors of 650.
2, 5, 13
What are the prime factors of 7266?
2, 3, 7, 173
List the prime factors of 3329.
3329
What are the prime factors of 146?
2, 73
List the prime factors of 28429.
28429
What are the prime factors of 90300?
2, 3, 5, 7, 43
What are the prime factors of 84469?
7, 11, 1097
List the prime factors of 548.
2, 137
List the prime factors of 153084.
2, 3, 12757
What are the prime factors of 2844?
2, 3, 79
What are the prime factors of 304?
2, 19
List the prime factors of 2226.
2, 3, 7, 53
What are the prime factors of 57919?
17, 3407
What are the prime factors of 23842?
2, 7, 13, 131
What are the prime factors of 1297?
1297
List the prime factors of 1176.
2, 3, 7
What are the prime factors of 1212?
2, 3, 101
What are the prime factors of 4988?
2, 29, 43
List the prime factors of 2677.
2677
What are the prime factors of 258?
2, 3, 43
List the prime factors of 901.
17, 53
What are the prime factors of 3760?
2, 5, 47
List the prime factors of 38116.
2, 13, 733
What are the prime factors of 26726?
2, 7, 23, 83
List the prime factors of 42192.
2, 3, 293
What are the prime factors of 23461?
29, 809
What are the prime factors of 40725?
3, 5, 181
List the prime factors of 1380.
2, 3, 5, 23
List the prime factors of 11790.
2, 3, 5, 131
List the prime factors of 2865.
3, 5, 191
What are the prime factors of 13467?
3, 67
List the prime factors of 13216.
2, 7, 59
List the prime factors of 1793.
11, 163
List the prime factors of 606.
2, 3, 101
List the prime factors of 1691.
19, 89
List the prime factors of 159220.
2, 5, 19, 419
What are the prime factors of 5361?
3, 1787
List the prime factors of 943.
23, 41
List the prime factors of 1018.
2, 509
What are the prime factors of 11119?
11119
List the prime factors of 2573.
31, 83
What are the prime factors of 18676?
2, 7, 23, 29
List the prime factors of 7591.
7591
What are the prime factors of 54307?
11, 4937
List the prime factors of 598.
2, 13, 23
List the prime factors of 7572.
2, 3, 631
What are the prime factors of 1975?
5, 79
What are the prime factors of 1267?
7, 181
List the prime factors of 14044.
2, 3511
List the prime factors of 73384.
2, 9173
List the prime factors of 611.
13, 47
What are the prime factors of 717?
3, 239
What are the prime factors of 22564?
2, 5641
What are the prime factors of 1193?
1193
List the prime factors of 753.
3, 251
List the prime factors of 1966.
2, 983
List the prime factors of 806.
2, 13, 31
What are the prime factors of 21406?
2, 7, 11, 139
List the prime factors of 1070.
2, 5, 107
What are the prime factors of 1067?
11, 97
List the prime factors of 5144.
2, 643
What are the prime factors of 15044?
2, 3761
What are the prime factors of 12649?
7, 13, 139
What are the prime factors of 1328?
2, 83
What are the prime factors of 2025?
3, 5
What are the prime factors of 3750?
2, 3, 5
What are the prime factors of 5933?
17, 349
List the prime factors of 7538.
2, 3769
What are the prime factors of 3804?
2, 3, 317
What are the prime factors of 12939?
3, 19, 227
What are the prime factors of 553?
7, 79
What are the prime factors of 205?
5, 41
List the prime factors of 88375.
5, 7, 101
What are the prime factors of 87547?
87547
List the prime factors of 1605.
3, 5, 107
List the prime factors of 1259.
1259
List the prime factors of 18.
2, 3
List the prime factors of 1670.
2, 5, 167
List the prime factors of 35568.
2, 3, 13, 19
List the prime factors of 633.
3, 211
What are the prime factors of 20744?
2, 2593
List the prime factors of 10814.
2, 5407
List the prime factors of 13316.
2, 3329
What are the prime factors of 1862?
2, 7, 19
List the prime factors of 295.
5, 59
What are the prime factors of 17236?
2, 31, 139
What are the prime factors of 418?
2, 11, 19
What are the prime factors of 3217?
3217
What are the prime factors of 33349?
33349
What are the prime factors of 3165?
3, 5, 211
What are the prime factors of 24690?
2, 3, 5, 823
What are the prime factors of 3111?
3, 17, 61
List the prime factors of 49.
7
List the prime factors of 1375.
5, 11
What are the prime factors of 8124?
2, 3, 677
List the prime factors of 5403.
3, 1801
List the prime factors of 2302.
2, 1151
What are the prime factors of 230?
2, 5, 23
What are the prime factors of 2944?
2, 23
What are the prime factors of 38555?
5, 11, 701
What are the prime factors of 2780?
2, 5, 139
List the prime factors of 80106.
2, 3, 13, 79
What are the prime factors of 29672?
2, 3709
List the prime factors of 16339.
16339
What are the prime factors of 28341?
3, 47, 67
List the prime factors of 9224.
2, 1153
What are the prime factors of 362?
2, 181
What are the prime factors of 4269?
3, 1423
What are the prime factors of 881?
881
What are the prime factors of 11761?
19, 619
What are the prime factors of 14596?
2, 41, 89
List the prime factors of 141